is the remainder when w is divided by (-332)/(-20) + (-2)/(-5)?
15
Suppose -23 = -4*q + 5. Let j(u) = 3*u**2 - 14*u - 1. What is the remainder when j(q) is divided by (2 + 32)*1/2?
14
Let j(n) = 9*n**2 + 3*n - 2. What is the remainder when j(4) is divided by 16?
10
Let c be -1*((-13)/5 + (-8)/20). Calculate the remainder when 113 is divided by (-384)/(-12) - 1*c.
26
Let v = 351 - 273. What is the remainder when v is divided by 18?
6
Suppose -3*v - 15 = -36. What is the remainder when 13 is divided by v?
6
Suppose 12*c = 1 + 443. Calculate the remainder when 590 is divided by c.
35
Suppose -3*y + 112 = -y. Let s be -1*3/((-6)/(-10)). Let z = 14 - s. What is the remainder when y is divided by z?
18
Let o(w) = -32*w + 1. Suppose -2*g - 32 = -3*z - 7*g, -2*g - 4 = -3*z. Calculate the remainder when o(-1) is divided by -1*(-6 + z) + 15.
16
Suppose 10*u - 44 = 9*u. Let t = -18 + u. Calculate the remainder when (-6)/4*t/(-3) is divided by 7.
6
Let g(x) = x**3 + x**2. Let f be g(-1). Calculate the remainder when 129 is divided by (f + 1)/(6/528*4).
19
Calculate the remainder when 148 is divided by (-2 + 6)/((-1)/((-25)/10)).
8
Suppose 0 = 2*l - 5*s - 141, 2*l - s - 2*s = 143. Calculate the remainder when l is divided by 15.
13
Let b(r) = r**3 + 12*r**2 - 63*r + 29. Calculate the remainder when 218 is divided by b(-16).
10
Let m = 131 - 121. Calculate the remainder when 227 is divided by m.
7
Suppose -28*m = -23*m + 45. Calculate the remainder when 7 is divided by 15*(4 - (-33)/m).
2
Let r(s) = s**2 + 5*s - 6. Let u be r(-6). Suppose 584 = 4*x - u*x. Calculate the remainder when x is divided by -3 + (2/15 - (-1794)/45).
35
Let u = 1354 + -1226. Calculate the remainder when u is divided by 22.
18
Let z be (-114)/(-95)*10/3. Let x(u) = 3*u**2 - 2*u - 4. Let q be x(z). Suppose q = -g + 7*g. What is the remainder when g is divided by 3?
0
Suppose 5*y - 887 = 1233. Suppose y = 4*t - 304. Calculate the remainder when t is divided by 46.
44
Let k(l) = -5*l + 4. Suppose -2*u + 73 - 21 = 0. Let j = -16 + u. What is the remainder when k(-7) is divided by j?
9
Let z = 122 - 87. Suppose d - 2*d + z = 0. What is the remainder when 65 is divided by d?
30
Suppose 6*q + 0*q - 18 = 0. Calculate the remainder when 31 is divided by 4 - (-1 + q - 6).
7
Suppose 2*t - 9 - 47 = -3*y, -13 = -y + 5*t. Calculate the remainder when 50 is divided by y.
14
Let h = -370 - -989. What is the remainder when h is divided by 27?
25
Let g(s) = s**2 + 18*s + 37. Let h be g(-16). Calculate the remainder when ((-1)/(-3)*3)/(h/505) is divided by 26.
23
Suppose 3*c + 3 + 3 = 0. Let y be c + 2/((-8)/108). Let b = 48 + y. What is the remainder when b is divided by 11?
8
Suppose 5*m - 5 = 5. Let b = 196 + -115. Calculate the remainder when 107 is divided by m/(-6)*b*-1.
26
Let v(m) = 8*m - 20. Let b(g) = g. Let q(o) = -5*b(o) + v(o). Let s = -3 - -10. What is the remainder when q(11) is divided by s?
6
Let g(u) = -u**2 + 29*u - 35. Calculate the remainder when (15 - 0)/(6/68) is divided by g(26).
41
Suppose 0 = -2*k - 0*k + 4. Calculate the remainder when 110 is divided by k.
0
Suppose -4*q - 12 = -36. Calculate the remainder when ((-10 - 3) + 0)*(2 - 4) is divided by q.
2
Let h(y) = 4*y + 255. What is the remainder when h(-55) is divided by 23?
12
Let t = -33 - -34. Let b(a) = 6*a**2 + 4*a + 3. What is the remainder when (12/(-18))/(2/(-339)*t) is divided by b(-2)?
18
Suppose -3*q + 4*k = k - 156, 0 = 5*q - 4*k - 264. Let o be (-4 - 22/(-6))*-27 - 3. Let a = q - o. What is the remainder when a is divided by 13?
11
Let v = 850 + -835. What is the remainder when 220 is divided by v?
10
Suppose 62 = -228*w + 229*w. What is the remainder when 433 is divided by w?
61
Suppose -6*h + 119 = -577. Calculate the remainder when 227 is divided by h.
111
Suppose -19*b + 16*b = 6. Let x(y) = y**3 - 4*y**2 + 2*y - 7. Calculate the remainder when x(4) is divided by 9/18 + b/(-4).
0
Let n = 48 + -33. Let f be 3/(-36)*3 - 434/(-8). Let s = f + -25. Calculate the remainder when s is divided by n.
14
Suppose -4 = 2*k - 64. Let d = -4200 - -4287. What is the remainder when d is divided by k?
27
Let w(m) = 19*m - 3. Let u be w(4). Suppose 2*k = 4*r - 70, 4*r - u = -0*r + k. Calculate the remainder when 54 is divided by r + -3 + 12/4.
16
Let x be (-15)/(-35) - 723/21. Let u = x + 176. Suppose 2*n = -n - 3, -3*p = 2*n - u. What is the remainder when p is divided by 17?
14
Suppose 5*w - 3*t - 2 = -1, 2*t - 6 = 0. Suppose 3*s = w*a - 12, s + 2*s = -5*a + 72. Calculate the remainder when 35 is divided by a.
11
Let y(q) = -69*q + 8. What is the remainder when y(-2) is divided by 30?
26
Let t(g) = 9*g**2 - 4*g + 6*g + 5*g + g**3 + 0*g**2 + 6. Suppose -3*m = -6*m - 24. Calculate the remainder when 55 is divided by t(m).
13
Suppose 4*w + 2*a - 112 = 0, -3*w = a + 13 - 98. Calculate the remainder when w is divided by 11.
7
Calculate the remainder when 16/12*(-11208)/(-32) is divided by 47.
44
Suppose -2*r + 91 = 5*r. Suppose -82 = -5*h + 103. What is the remainder when h is divided by r?
11
Let x = 118 + -78. What is the remainder when 49 is divided by x/(-4)*(2 + -3)?
9
Suppose -27 = -5*o + 3*u, 9*o - 4*u = 11*o - 16. Let q = -18 - -34. Calculate the remainder when q is divided by o.
4
Let r = -24 - -46. Calculate the remainder when 1186/14 - (-36)/126 is divided by r.
19
Let g(n) = 23*n**2 - n + 1. What is the remainder when 62 is divided by g(1)?
16
Suppose -3*x - 16*h + 162 = -18*h, -6 = -2*h. Calculate the remainder when x is divided by 16.
8
Let p(i) = i**3 - 16*i**2 + 5*i - 3. Let o be p(16). Suppose v = 8*v - o. Calculate the remainder when 28 is divided by v.
6
Suppose n + j - 11 = 0, -14*j + 13*j + 39 = 3*n. Calculate the remainder when 59 is divided by n.
3
Suppose 7*r = 5*r + 1402. Calculate the remainder when r is divided by 37.
35
Let b = 589 - 536. What is the remainder when b is divided by 8?
5
Suppose 74*l - 420 = 69*l. What is the remainder when l is divided by 36?
12
Calculate the remainder when 138 is divided by 141/(-12)*(-10 + 6).
44
Suppose 9*w - 646 = -493. What is the remainder when 152 is divided by w?
16
Let f(l) = 2*l**2 - 16*l - 14. Let d be f(9). Suppose y = -5*h + 71, 0 = -0*h - h + d*y + 10. What is the remainder when h is divided by 4?
2
Let c be 4 + ((-570)/(-13) - 8/(-52)). Suppose 4*s = -2*s + c. What is the remainder when 39 is divided by s?
7
Let s = 72 + 15. Let t = -33 - -48. Calculate the remainder when s is divided by t.
12
Suppose 2*m = 5*x - 1949, m + 761 + 797 = 4*x. Suppose -194 - x = -11*k. What is the remainder when k is divided by 19?
15
Let b(z) = z**2 + 2*z + 1. Suppose -2*k - 5 = -4*f + 1, 4*k = -5*f + 53. What is the remainder when b(k) is divided by 17?
13
Let a be -12 + (15 - 3)/(-3). Let m be a/(-56) + (-33)/(-7). Suppose 68 = -u + m*u. What is the remainder when u is divided by 4?
1
Suppose 3*f = 3*y + 5*f - 119, 4*y - 4*f = 132. Calculate the remainder when 369 is divided by y.
36
Suppose 24*t = 4*t + 4640. What is the remainder when t is divided by 11?
1
What is the remainder when 7 + (24/(-20))/((-18)/5430) is divided by 31?
28
Suppose 0 - 2 = 2*k, -3*a - 4*k + 146 = 0. Calculate the remainder when a/3 - (-1)/3 is divided by (1 + 4/(-2))/(9/(-90)).
7
Suppose -3*g + 483 = q, 2*g - q - 651 = -2*g. Suppose 2*a = -0*a + 82. What is the remainder when g is divided by a?
39
Suppose 2*o + o - 246 = -4*r, -186 = -3*r - 3*o. Suppose 0 = 5*p - 5*u - r, 2*p - p - 3 = 4*u. What is the remainder when 29 is divided by p?
14
Let z = 17 - -54. What is the remainder when 354 is divided by z?
70
Suppose -3*a - 467 = -3*w + 337, 5*w + 3*a - 1308 = 0. What is the remainder when w is divided by 67?
63
Let a(x) = x**2 + 3*x - 6. Let w be 6/(-2) + (5 - -4). Calculate the remainder when a(5) is divided by w/(-3) + 6 + 3.
6
Let v(t) = 8*t**2 - 60*t - 17. Calculate the remainder when 88 is divided by v(8).
13
Suppose 4*l = 5*c + 55, -3*l - 40 + 120 = 4*c. What is the remainder when 618 is divided by l?
18
Suppose 2*a - 37 = 3*s, 13*s = a + 14*s - 31. What is the remainder when a is divided by 18?
8
Let f = 97 - 83. What is the remainder when 38 is divided by f?
10
Suppose z + 2*v - 154 = 0, 16 = 4*v - 4. What is the remainder when z is divided by 25?
19
Let q = -171 - -195. Calculate the